a composite number?
True
Is 68143487231 a prime number?
True
Is 18742278839 prime?
True
Is 1333137593 composite?
True
Is 3748140611 a composite number?
False
Is 1883788201 a composite number?
True
Is 25243086977 a prime number?
True
Is 1499114237 a prime number?
False
Is 353794697 composite?
True
Is 553933249 a prime number?
False
Is 43184977799 prime?
True
Is 975496793 a composite number?
True
Is 4003355099 a prime number?
False
Is 12141137467 composite?
False
Is 1245227869 composite?
False
Is 43205873153 a prime number?
True
Is 4834829779 a prime number?
False
Is 7277880067 a prime number?
False
Is 23052046007 composite?
False
Is 438398923 prime?
True
Is 1743195929 composite?
True
Is 12702319853 composite?
False
Is 2049069601 prime?
False
Is 34751038129 prime?
False
Is 107985523 composite?
True
Is 10965959 a prime number?
True
Is 17947387 a composite number?
True
Is 1008468821 composite?
False
Is 2493224129 a prime number?
False
Is 462673301 composite?
False
Is 2446308899 a composite number?
False
Is 161356003663 a prime number?
True
Is 19156661717 a composite number?
False
Is 36568239479 a composite number?
True
Is 14766473697 a composite number?
True
Is 1155407403 prime?
False
Is 1527930827 composite?
False
Is 33377477923 composite?
True
Is 5017999277 a composite number?
False
Is 21959893 a prime number?
True
Is 794172607 composite?
False
Is 14450482019 a composite number?
True
Is 3270086509 prime?
True
Is 10959292249 a prime number?
True
Is 3876892009 a prime number?
False
Is 4048947131 a composite number?
True
Is 2369830331 prime?
False
Is 45589679879 a composite number?
False
Is 4836447809 prime?
True
Is 1102639913 a composite number?
True
Is 13924397911 composite?
True
Is 1622999713 a composite number?
True
Is 48048144731 prime?
False
Is 6692982706 a composite number?
True
Is 2265210511 a composite number?
True
Is 4752547757 a composite number?
True
Is 5377633787 a prime number?
True
Is 147251527 a prime number?
False
Is 11696195057 a composite number?
False
Is 179931127 a prime number?
True
Is 27248682761 prime?
True
Is 4853085569 prime?
True
Is 185866537737 prime?
False
Is 4547391367 prime?
True
Is 635285257 prime?
False
Is 59572637 a composite number?
False
Is 2914338281 a prime number?
True
Is 15475567 composite?
False
Is 127149466523 a composite number?
False
Is 708375929 a prime number?
True
Is 3656913607 composite?
False
Is 16895795297 a composite number?
False
Is 484835957 a composite number?
False
Is 9722449049 a prime number?
True
Is 18505421 prime?
False
Is 244133749 a prime number?
True
Is 886730671 prime?
True
Is 124577125397 prime?
True
Is 10099816009 a composite number?
False
Is 124905010781 a composite number?
False
Is 49532982691 a composite number?
True
Is 1067349739 a composite number?
False
Is 19719954901 a composite number?
False
Is 9835800029 composite?
True
Is 92134879 prime?
False
Is 17055336157 a prime number?
True
Is 7470722459 composite?
False
Is 1812612577 prime?
False
Is 3236464207 composite?
False
Is 1159187831 composite?
False
Is 110679746897 a prime number?
True
Is 7070030647 a composite number?
False
Is 148504019 composite?
True
Is 26501932441 a composite number?
True
Is 625362841 a prime number?
False
Is 497955613 prime?
True
Is 80414854883 a prime number?
False
Is 1007018209 composite?
False
Is 773902991 composite?
True
Is 2648310739 prime?
False
Is 5583995759 prime?
True
Is 5487951433 a composite number?
False
Is 1688298155 a composite number?
True
Is 7953201661 prime?
True
Is 1016460033 prime?
False
Is 567928111 composite?
True
Is 1621456357 a prime number?
True
Is 184288523 a composite number?
True
Is 161723293 a composite number?
False
Is 1219410541 a prime number?
True
Is 460622537 a composite number?
True
Is 350877253 composite?
True
Is 1132312777 prime?
False
Is 7616585219 prime?
True
Is 30974539 a prime number?
True
Is 5510975923 prime?
True
Is 887260453 composite?
True
Is 8704702129 a composite number?
False
Is 927055739 prime?
True
Is 12808486406 composite?
True
Is 35765129 a prime number?
False
Is 1125739507 composite?
True
Is 124661321563 a composite number?
True
Is 2083881589 prime?
True
Is 14017225009 a prime number?
True
Is 918315053 a composite number?
False
Is 1621443073 composite?
False
Is 2826261337 a prime number?
False
Is 24727335517 prime?
True
Is 315689713 a composite number?
True
Is 10413549197 a composite number?
True
Is 119758637 a prime number?
False
Is 3555765481 prime?
True
Is 140071549 a prime number?
True
Is 14970630709 a composite number?
True
Is 217933506491 a prime number?
True
Is 5758030673 prime?
True
Is 7967106767 composite?
False
Is 21526817843 prime?
True
Is 3034344661 prime?
True
Is 538542866 a prime number?
False
Is 8969000563 prime?
True
Is 22295567471 a prime number?
True
Is 3516004353 a prime number?
False
Is 7054530757 a prime number?
True
Is 11891016271 a prime number?
True
Is 2677367071 prime?
True
Is 18269115271 composite?
True
Is 122675993 composite?
True
Is 216774540499 a composite number?
True
Is 10545974407 prime?
False
Is 206753550739 prime?
True
Is 4200292061 composite?
True
Is 6718095767 a composite number?
False
Is 57480750417 prime?
False
Is 22060177367 a prime number?
True
Is 9863000851 prime?
False
Is 19407687802 composite?
True
Is 48582754889 composite?
False
Is 2835324251 prime?
True
Is 181247503 a prime number?
True
Is 105268733 a prime number?
False
Is 129400284527 composite?
False
Is 1057592927 a prime number?
True
Is 4926741419 a composite number?
False
Is 47941308659 composite?
True
Is 1264574809 a prime number?
False
Is 8288628671 a composite number?
False
Is 7491590003 composite?
True
Is 847983923 composite?
False
Is 17739721261 a composite number?
False
Is 201283447 composite?
False
Is 124784997307 a composite number?
False
Is 1836824629 composite?
False
Is 79369690171 a composite number?
False
Is 7263487913 composite?
True
Is 3206818873 a composite number?
True
Is 14658108451 prime?
False
Is 919566407 a prime number?
True
Is 340537111 composite?
True
Is 40846822703 a prime number?
False
Is 2528016277 a prime number?
False
Is 5597681161 composite?
False
Is 2567525773 a composite number?
False
Is 390893687 a prime number?
True
Is 556510169 a prime number?
True
Is 976123205 a composite number?
True
Is 28939930301 composite?
True
Is 3425048537 composite?
True
Is 3520081333 prime?
False
Is 1453216393 composite?
False
Is 572532949 a composite number?
True
Is 1112694487 composite?
True
Is 6028112407 prime?
True
Is 385431779 a prime number?
False
Is 209614741139 a composite number?
False
Is 21170084237 a prime number?
False
Is 204314091 a prime number?
False
Is 8554818133 a prime number?
True
Is 4745214239 a composite number?
False
Is 976061201 prime?
True
Is 766460701 prime?
False
Is 12594907441 a composite number?
False
Is 1491996839 a composite number?
True
Is 1547079067 a prime number?
False
Is 8361112637 a composite number?
False
Is 308183873 a prime number?
True
Is 2381845747 prime?
True
Is 1815505597 a composite number?
True
Is 12974432741 a prime number?
True
Is 47592255077 composite?
False
Is 54738885893 composite?
True
Is 10043453659 a prime number?
False
Is 137206681 composite?
False
Is 27685005373 prime?
True
Is 11802071 a composite number?
True
Is 2024202641 a prime number?
True
Is 7011214391 a prime number?
True
Is 26936011 a prime number?
True
Is 349431913 prime?
False
Is 2841470893 composite?
False
Is 14860121231 a composite number?
False
Is 44690813353 prime?
False
Is 12056114687 prime?
True
Is 3651607 composite?
False
Is 23505105083 composite?
False
Is 6777791687 prime?
True
Is 652538599 prime?
False
Is 19533349391 a prime number?
True
Is 912285997 prime?
False
Is 4208771393 prime?
False
Is 59873745851 a prime number?
True
Is 431364709 prime?
True
Is 13464462013 a prime number?
True
Is 10685014217 prime?
True
Is 73615931 prime?
False
Is 5043287965 a prime number?
False
Is 1985718505 a prime number?
False
Is 18168943337 a composite number?
False
Is 5634256897 a composite number?
True
Is 25302491723 composite?
False
Is 231969271 prime?
False
Is 9771752219 composite?
False
Is 1478085857 composite?
True
Is 8795097599 a composite number?
True
Is 991737157 a composite number?
True
Is 5452966 composite?
True
Is 8181229997 pr